- 215*g. What is f(4)?
-10
Let w be 4/(-7)*122038/(-3032). Let b(n) = n**2 - 24*n + 31. Determine b(w).
8
Let u(t) = 5*t**3 - 2*t**2 - 4*t + 14. Let n(d) = 2*d**3 + 3*d**2. Let o(w) = -3*n(w) + u(w). Determine o(-10).
-46
Let n(c) be the third derivative of -c**5/60 - 5*c**4/12 - 5*c**3/3 + 480*c**2. Calculate n(-8).
6
Let j(z) be the second derivative of 3/2*z**2 - 41 - 2*z + 11/6*z**3. Determine j(-3).
-30
Let d(h) = 5*h - 6 + 13*h**2 - 784*h**3 + 788*h**3 - 18*h + 6*h. Give d(-4).
-26
Let d = -32 - 30. Let f = 60 + d. Let c be 1/(15/9 + f). Let i(w) = w**2 + 2*w - 2. Determine i(c).
1
Let j(u) = -u - 3. Let y(d) = -d - 1. Let n(i) = 2*j(i) - 5*y(i). What is n(2)?
5
Let i(y) be the second derivative of 6*y**3 + y**2 + 628*y + 2. What is i(2)?
74
Let p(s) = s**2 - 33*s - 156. Let y be p(37). Let b(o) = o**3 + 8*o**2 + 3*o + 14. Calculate b(y).
-10
Let s(z) = -2*z**3 - 7*z**2 + z + 4. Let b(p) = -p - 5 + 8*p**2 + 24*p**3 - 58*p**3 + 36*p**3. Let j(x) = -4*b(x) - 5*s(x). Give j(-3).
-24
Suppose -7*q - 384 = -216. Let v(a) = a + 18. Give v(q).
-6
Let z(a) = -a**3 - 15*a**2 - 8*a - 14. Let g(r) = 2*r**3 + 32*r**2 + 17*r + 29. Let v(f) = 3*g(f) + 7*z(f). Determine v(-9).
34
Let n(p) = -p**2 + 7. Let d = 508 - 334. Suppose -35 = d*q - 167*q. Give n(q).
-18
Let k(v) be the second derivative of v + 1/2*v**2 + 2/3*v**3 + 0. Suppose 0 = 2*c - 2*l - 10, 5*c + 2*l = 4*c - 1. Give k(c).
13
Let f = -3 + 3. Let l(m) = 100*m + f*m**3 + m**3 + m**2 - 98*m - 5*m**2. Determine l(4).
8
Let m(j) = 7*j + 5. Let h(n) = n**3 - 41*n**2 - 3*n + 118. Let l be h(41). What is m(l)?
-30
Let q(s) = -4*s + 361 + 4*s - 1058 + 6*s + 550. Calculate q(24).
-3
Let x(i) = i + 1. Let d be -2 + 15/3 - 0/(-7). Suppose d*h - v + 20 - 4 = 0, 0 = 2*h + v + 4. Determine x(h).
-3
Let q(i) = i**3 + 3*i**2 - 2*i - 1. Let c(h) = -3*h + 39. Let u be c(10). Suppose 9 + 13 = o. Suppose 19*n - o*n = u. What is q(n)?
5
Let z(u) = -u**2 + 0*u**2 + 2 - 2*u**2. Let f = 848 + -846. Give z(f).
-10
Let n(k) be the first derivative of k**2/2 - 3*k - 1061. Determine n(12).
9
Let x(u) = u**3 - 9*u**2 + 10*u - 4. Let c(n) = -n - 3*n - 4 - 79*n**2 + n + 87*n**2 + 2*n**3. Let k be c(-4). Give x(k).
12
Let b(z) = -2*z**2 - 101*z - 745. Let k be b(-9). Let x(i) be the second derivative of 0 - 7/6*i**3 + 1/12*i**4 + 27*i - 3*i**k. Calculate x(7).
-6
Let n(p) = 17*p + 5. Let y(l) = -290*l - 588. Let z be y(-2). Give n(z).
-131
Let b be 24963/2 - (-1)/4*-2. Let u(x) = 5*x - b + 0*x + 12484. Calculate u(3).
18
Suppose 5*b - 3*h = 4, 21 = -295*h + 298*h. Let y(i) = 6*i - 11. What is y(b)?
19
Let w = -14 - -20. Let c be ((36/(-3))/3)/(2/(-3)). Let o(i) = 1 + 1 - c + 149*i - 150*i. Determine o(w).
-10
Suppose -3*n - 3*u = -21, 17*n + 3 = 14*n + 3*u. Let h(w) be the second derivative of 7/6*w**n + 2/3*w**4 + 1/20*w**5 - 7/2*w**2 + 0 - 13*w. Calculate h(-7).
-7
Let i(n) = -80*n + n**2 + 4 + 165*n - 80*n. Let s(d) = -d**2 - 3*d - 5. Let x(w) = -3*i(w) - 2*s(w). Determine x(-7).
12
Let x(m) = -2*m**3 + 12*m**2 - 17*m + 27. Let k be x(5). Let c be ((-84)/9)/((-4)/6). Let w(l) = -l + 0*l + c - 3*l + 5*l. Give w(k).
6
Let q(c) = 28 - 10*c + 1 - 3*c + 5*c + 0. Give q(3).
5
Let u(a) be the second derivative of -a**5/20 - 2*a**4/3 - 7*a**3/6 - 5*a**2/2 + a + 50. Suppose -2*j = 4*j. Suppose 5*g - 7*g - 14 = j. Calculate u(g).
-5
Let n(s) = s**2 + 7*s - 7. Let l be (-135)/(-36) - (-9)/(-12). Suppose -2*g + 5*p - l*p = 4, 2*p - 4 = g. Suppose g*a - 2*a = 16. Calculate n(a).
1
Let k(p) = 35*p + 420. Let c(g) = -61*g**2 + 286*g + 83. Let d be c(5). Give k(d).
0
Suppose 0 = 5*f - 25, 0 = -3*w - 4*f + 33 - 7. Let t(r) = -3*r - r**w - r - 7*r - 19 + 11. Calculate t(-9).
10
Let o(b) = 6*b**3 - 2*b**2 - b + 1. Let i(u) = -29*u**3 + 19*u**2 + 5*u + 16. Let s(j) = -i(j) - 5*o(j). What is s(-9)?
-21
Suppose -134*i + 1422 = 111*i - 87*i. Let b(x) = -x + 2 - 12 + 2*x. Determine b(i).
-1
Let x(c) = 4*c**3 - 8*c**2 - 8*c + 7. Let h be (15/(-4) - 6/(-8)) + 5. Let m(z) = -3*z**3 + 7*z**2 + 8*z - 6. Let o(n) = h*x(n) + 3*m(n). Give o(6).
8
Let h(t) = t**3 - 10*t**2 - 10*t - 1. Let l = 242 - -146. Suppose 6*d = -l + 454. What is h(d)?
10
Let w(k) = -5*k**2 - 1. Let f(m) = m**2 - 34*m + 18*m - 17 + 19*m. Let l be f(4). Suppose -3*b = 4*r + 16, 3*b = -r + 2*r - l. Calculate w(r).
-6
Let n be 5 - -8 - (-57 + 59). Let h(v) = -17*v**2 + 189*v - 22. Give h(n).
0
Let z(d) = -d + 2. Suppose 56*y = 54*y. Let c(p) = p - 5. Let n be c(y). Give z(n).
7
Let r(x) = -7*x**3 + 2*x + 11 - x + 7*x**2 + 5*x + 6*x**3. Let b be r(8). Let u(t) = -t**3 - 7*t**2 - 6*t - 1. Determine u(b).
-21
Let o(c) = -c**3 + 8*c**2 + 24*c - 22. Let x be o(-3). Let y(b) be the first derivative of -2*b**2 - 2*b - 3. Give y(x).
-22
Let s(u) = 24411*u**2 + 11 - 24417*u**2 + 23 + 34*u. Calculate s(-1).
-6
Let o(k) = -k**3 - 2*k**2 - 3*k - 3. Suppose -v + 2*x + 5 = 0, 13*x = -5*v + 4*x - 51. Calculate o(v).
15
Suppose 0 = 4*s + 6 + 6. Let k(r) = -6*r**2 - 44*r - 46. Let w be k(-6). Let z(b) = -19 + 0*b - 3*b + 18 - b + w*b. What is z(s)?
5
Let q(u) = -u - 10. Suppose 0 = 2*a - a - 2. Suppose 5*z = 5*b + 5, a*b + 4 + 10 = 5*z. Suppose 4*y + 4*y = b*y. What is q(y)?
-10
Let y(j) = -22*j - 104 + 48 + 20 + 37. Determine y(-5).
111
Let h(g) = 5*g + 42. Let x be (-2*2)/(23*(-20)/(-920)). Give h(x).
2
Let y(n) = -n**3 - 4*n**2 + 6*n + 4. Let q be 1 - -15*((-55)/15 + 4). Let p be (56 + -53)*(1 + (-14)/q). Calculate y(p).
-20
Let t(j) = -j**2 + 8*j + 5. Let w be (-9)/(-54)*3 + (-3)/2. Let l be ((-8)/24 - w)*(-33)/(-2). What is t(l)?
-28
Let y(g) = -2*g**2 - 11*g - 12. Let o be 228/(-266) - (-30)/(-14). Determine y(o).
3
Let n(a) = -31*a**2 - 1 - 32*a**2 + a + 19*a**3 + 63*a**2. Let k = 50 - 50. Suppose -4*j + 3*h - 5 = k, h + 4*h = -5*j + 20. Give n(j).
19
Let q(j) = 52*j**3 + 0 - 4 + 3*j + 53*j**3 + 70*j**3 - 3*j**2 - 174*j**3. Give q(2).
-2
Let l(c) = 2*c - 3*c - 721*c**2 - 11 + c**3 + 728*c**2. What is l(-8)?
-67
Let x(q) = -3*q**3 + 25*q**2 - 5*q - 36. Suppose -32 = -4*b - 3*n, -5*b + 210*n + 40 = 206*n. What is x(b)?
-12
Let i(d) be the third derivative of -5*d**4/8 - 7*d**3/6 + 3*d**2 + 436*d. Determine i(1).
-22
Let z(h) = -8 - 3 - 12 + 548*h - 18 - 539*h. Determine z(5).
4
Suppose -9*x - 64 = -10*x. Let n = x - 64. Suppose n = u + 13*u + 14. Let z(k) = 7*k**3 + 2*k + 1. Give z(u).
-8
Let n(x) = 10*x - 5398*x**2 + 10800*x**2 - 5401*x**2 - 16. Calculate n(-14).
40
Let i(a) = -a**3 + 18*a**2 + 21*a - 30. Let b = -29885 + 29904. What is i(b)?
8
Let n(i) = i**2 - 7*i - 7. Let s(a) = a**2 - 7*a - 7. Let j(h) = 6*n(h) - 7*s(h). Let q be (9 - 6)/((-1)/(7/(-3))). Calculate j(q).
7
Suppose 302 = 21*f - 181. Suppose -175 = -f*n + 147. Let a(l) = l**2 - 12*l - 16. Calculate a(n).
12
Let z(l) = 215*l - 839*l + 90 + 219*l - l**2 + 203*l + 212*l. What is z(13)?
51
Let s(l) = -4*l - 4. Let j(q) = -13*q - 11. Let w be 12*3/9 + -6. Let n(o) = w*j(o) + 7*s(o). Determine n(6).
-18
Let g(s) = -3*s - 13. Let h(b) = -4*b + 3. Let l(x) = -2*x + 5. Let v(o) = -2*h(o) + 3*l(o). Let q(t) = 3*g(t) + 4*v(t). Give q(-8).
5
Let j(x) = -x**3 + x**2 + 88*x - 24. Let d = -20915 + 20906. Give j(d).
-6
Let m(k) = 160 + 58*k + 3656029*k**2 - 3656020*k**2 + k**3 + 248. Determine m(-8).
8
Let q(g) = -13*g**3 + g**2 - g. Suppose 5*z + 336 = 121. Let b = z - -48. Suppose 3 = -5*l - 2*s, 5 = -l + b*s + 26. Determine q(l).
-13
Let n(l) = 41*l**2 + 16*l**2 + 19*l**2 + 66*l - 40*l**2 - 77 + l**3. Calculate n(-34).
-9
Let o(u) be the third derivative of u**4/2 - 71*u**3/6 - 1298*u**2. What is o(6)?
1
Let z(l) = -l**3 - 3*l**2 + 14*l - 17. Let v be 13*(-2)/(-130) - (0 - 62/(-10)). What is z(v)?
7
Let l(w) = -4*w - 8*w + 135 - 29 + 13*w - 41 - 54. Let j(r) = -r**2 - 5*r - 4. Let y be j(-4). Give l(y).
11
Let q(n) = -53*n - 988. Let b(o) = -10*o - 248. Let t(z) = 9*b(z) - 2*q(z). Give t(16).
0
Let c(p) = 3*p + 1. Let b(g) = -g**3 + g. Let z(x) = -3*x**3 - 17*x**2 - 30*x - 29. Let d(l) = 2*b(l) - z(l). Let u be d(-15). Give c(u).
-2
Suppose 0 = 3039*j - 3040*j + 4. Let g(i) = -i**3 + 2*i**2 - 3*i + 6. Calculate g(j).
-38
Let g(m) = 17 - 29 - m + 2*m. Suppose 11*y + 3*v + 29 = 13*y, -y - v = -12. Suppose 15 = 4*q - y. Calculate g(q).
-5
Let i(a) = -4*a + 5. Let f = 183 + 129. Suppose 0 = f*h - 307*h - 30. Determine i(h).
-19
Let p = 29